{"id":830,"date":"2022-02-15T09:09:58","date_gmt":"2022-02-15T09:09:58","guid":{"rendered":"https:\/\/project.felixstoeckl.de\/?page_id=830"},"modified":"2025-10-19T11:11:24","modified_gmt":"2025-10-19T11:11:24","slug":"impressum","status":"publish","type":"page","link":"https:\/\/medienmanufaktur.felixstoeckl.de\/index.php\/impressum\/","title":{"rendered":"Impressum"},"content":{"rendered":"\t\t<div data-elementor-type=\"wp-page\" data-elementor-id=\"830\" class=\"elementor elementor-830\">\n\t\t\t\t\t\t<section class=\"elementor-section elementor-top-section elementor-element elementor-element-b3789dc elementor-section-full_width elementor-section-height-default elementor-section-height-default\" data-id=\"b3789dc\" data-element_type=\"section\" data-e-type=\"section\" data-settings=\"{&quot;background_background&quot;:&quot;classic&quot;}\">\n\t\t\t\t\t\t\t<div class=\"elementor-background-overlay\"><\/div>\n\t\t\t\t\t\t\t<div class=\"elementor-container elementor-column-gap-no\">\n\t\t\t\t\t<div class=\"elementor-column elementor-col-100 elementor-top-column elementor-element elementor-element-3161935\" data-id=\"3161935\" data-element_type=\"column\" data-e-type=\"column\">\n\t\t\t<div class=\"elementor-widget-wrap elementor-element-populated\">\n\t\t\t\t\t\t<section class=\"elementor-section elementor-inner-section elementor-element elementor-element-6ae34ee elementor-section-content-middle elementor-section-boxed elementor-section-height-default elementor-section-height-default\" data-id=\"6ae34ee\" data-element_type=\"section\" data-e-type=\"section\">\n\t\t\t\t\t\t<div class=\"elementor-container elementor-column-gap-no\">\n\t\t\t\t\t<div class=\"elementor-column elementor-col-100 elementor-inner-column elementor-element elementor-element-6e2abba\" data-id=\"6e2abba\" data-element_type=\"column\" data-e-type=\"column\">\n\t\t\t<div class=\"elementor-widget-wrap elementor-element-populated\">\n\t\t\t\t\t\t<div class=\"elementor-element elementor-element-51f8f08 elementor-widget elementor-widget-heading\" data-id=\"51f8f08\" data-element_type=\"widget\" data-e-type=\"widget\" data-widget_type=\"heading.default\">\n\t\t\t\t<div class=\"elementor-widget-container\">\n\t\t\t\t\t<h1 class=\"elementor-heading-title elementor-size-default\">Impressum<\/h1>\t\t\t\t<\/div>\n\t\t\t\t<\/div>\n\t\t\t\t\t<\/div>\n\t\t<\/div>\n\t\t\t\t\t<\/div>\n\t\t<\/section>\n\t\t\t\t\t<\/div>\n\t\t<\/div>\n\t\t\t\t\t<\/div>\n\t\t<\/section>\n\t\t\t\t<section class=\"elementor-section elementor-top-section elementor-element elementor-element-7f1fe97 elementor-section-boxed elementor-section-height-default elementor-section-height-default\" data-id=\"7f1fe97\" data-element_type=\"section\" data-e-type=\"section\">\n\t\t\t\t\t\t<div class=\"elementor-container elementor-column-gap-default\">\n\t\t\t\t\t<div class=\"elementor-column elementor-col-100 elementor-top-column elementor-element elementor-element-844b1d9\" data-id=\"844b1d9\" data-element_type=\"column\" data-e-type=\"column\">\n\t\t\t<div class=\"elementor-widget-wrap elementor-element-populated\">\n\t\t\t\t\t\t<div class=\"elementor-element elementor-element-0879b23 elementor-widget elementor-widget-text-editor\" data-id=\"0879b23\" data-element_type=\"widget\" data-e-type=\"widget\" data-widget_type=\"text-editor.default\">\n\t\t\t\t<div class=\"elementor-widget-container\">\n\t\t\t\t\t\t\t\t\t<p><b>Angaben gem\u00e4\u00df \u00a7 5 TMG<br \/><\/b>Felix St\u00f6ckl<br \/>Medienmanufaktur St\u00f6ckl (Einzelunternehmer)<br \/>Guerickestra\u00dfe 79<br \/>93053 Regensburg<\/p><p><b>Kontakt<\/b><br \/>Telefon: +49 941 20900599<br \/>E-Mail:\u00a0medienmanufaktur.stoeckl@gmail.com<\/p><p>Wirtschafts-Identifikationsnumme: DE443252645<\/p><p>Aufgrund der Anwendung der Kleinunternehmerregelung gem. \u00a7 19 UStG erfolgt kein Ausweis der Umsatzsteuer.<\/p><p><b>Verbraucherstreitbeilegung\/Universalschlichtungsstelle<br \/><\/b>Wir sind nicht bereit oder verpflichtet, an Streitbeilegungsverfahren vor einer Verbraucherschlichtungsstelle teilzunehmen.<\/p><p><b>Haftung f\u00fcr Inhalte<br \/><\/b>Als Diensteanbieter sind wir gem\u00e4\u00df \u00a7 7 Abs.1 TMG f\u00fcr eigene Inhalte auf diesen Seiten nach den allgemeinen Gesetzen verantwortlich. Nach \u00a7\u00a7 8 bis 10 TMG sind wir als Diensteanbieter jedoch nicht verpflichtet, \u00fcbermittelte oder gespeicherte fremde Informationen zu \u00fcberwachen oder nach Umst\u00e4nden zu forschen, die auf eine rechtswidrige T\u00e4tigkeit hinweisen.<br \/>Verpflichtungen zur Entfernung oder Sperrung der Nutzung von Informationen nach den allgemeinen<br \/>Gesetzen bleiben hiervon unber\u00fchrt. Eine diesbez\u00fcgliche Haftung ist jedoch erst ab dem Zeitpunkt der Kenntnis einer konkreten Rechtsverletzung m\u00f6glich. Bei Bekanntwerden von entsprechenden Rechtsverletzungen werden wir diese Inhalte umgehend entfernen.<\/p><p><b>Haftung f\u00fcr Links<br \/><\/b>Unser Angebot enth\u00e4lt Links zu externen Websites Dritter, auf deren Inhalte wir keinen Einfluss haben. Deshalb k\u00f6nnen wir f\u00fcr diese fremden Inhalte auch keine Gew\u00e4hr \u00fcbernehmen. F\u00fcr die Inhalte der verlinkten Seiten ist stets der jeweilige Anbieter oder Betreiber der Seiten verantwortlich. Die verlinkten Seiten wurden zum Zeitpunkt der Verlinkung auf m\u00f6gliche Rechtsverst\u00f6\u00dfe \u00fcberpr\u00fcft. Rechtswidrige Inhalte waren zum Zeitpunkt der Verlinkung nicht erkennbar.<br \/>Eine permanente inhaltliche Kontrolle der verlinkten Seiten ist jedoch ohne konkrete Anhaltspunkte einer Rechtsverletzung nicht zumutbar. Bei Bekanntwerden von Rechtsverletzungen werden wir derartige Links umgehend entfernen.<\/p><p><b>Urheberrecht<\/b><br \/>Die durch die Seitenbetreiber erstellten Inhalte und Werke auf diesen Seiten unterliegen dem deutschen Urheberrecht. Die Vervielf\u00e4ltigung, Bearbeitung, Verbreitung und jede Art der Verwertung au\u00dferhalb der Grenzen des Urheberrechtes bed\u00fcrfen der schriftlichen Zustimmung des jeweiligen Autors bzw. Erstellers. Downloads und Kopien dieser Seite sind nur f\u00fcr den privaten, nicht kommerziellen Gebrauch gestattet.<br \/>Soweit die Inhalte auf dieser Seite nicht vom Betreiber erstellt wurden, werden die Urheberrechte Dritter beachtet. Insbesondere werden Inhalte Dritter als solche gekennzeichnet. Sollten Sie trotzdem auf eine Urheberrechtsverletzung aufmerksam werden, bitten wir um einen entsprechenden Hinweis. Bei Bekanntwerden von Rechtsverletzungen werden wir derartige Inhalte umgehend entfernen.<\/p><p><b>Quelle:<br \/><\/b><a href=\"https:\/\/www.e-recht24.de\/\">e-recht24.de<\/a><\/p>\t\t\t\t\t\t\t\t<\/div>\n\t\t\t\t<\/div>\n\t\t\t\t\t<\/div>\n\t\t<\/div>\n\t\t\t\t\t<\/div>\n\t\t<\/section>\n\t\t\t\t<\/div>\n\t\t","protected":false},"excerpt":{"rendered":"<p>Impressum Angaben gem\u00e4\u00df \u00a7 5 TMGFelix St\u00f6cklMedienmanufaktur St\u00f6ckl (Einzelunternehmer)Guerickestra\u00dfe 7993053 Regensburg KontaktTelefon: +49 941 20900599E-Mail:\u00a0medienmanufaktur.stoeckl@gmail.com Wirtschafts-Identifikationsnumme: DE443252645 Aufgrund der Anwendung der Kleinunternehmerregelung gem. \u00a7 19 UStG erfolgt kein Ausweis der Umsatzsteuer. Verbraucherstreitbeilegung\/UniversalschlichtungsstelleWir sind nicht bereit oder verpflichtet, an Streitbeilegungsverfahren vor einer Verbraucherschlichtungsstelle teilzunehmen. Haftung f\u00fcr InhalteAls Diensteanbieter sind wir gem\u00e4\u00df \u00a7 7 Abs.1 TMG f\u00fcr &hellip;<\/p>\n<p class=\"read-more\"> <a class=\"\" href=\"https:\/\/medienmanufaktur.felixstoeckl.de\/index.php\/impressum\/\"> <span class=\"screen-reader-text\">Impressum<\/span> Weiterlesen &raquo;<\/a><\/p>\n","protected":false},"author":2,"featured_media":0,"parent":0,"menu_order":0,"comment_status":"closed","ping_status":"closed","template":"","meta":{"site-sidebar-layout":"no-sidebar","site-content-layout":"page-builder","ast-site-content-layout":"","site-content-style":"default","site-sidebar-style":"default","ast-global-header-display":"","ast-banner-title-visibility":"","ast-main-header-display":"","ast-hfb-above-header-display":"","ast-hfb-below-header-display":"","ast-hfb-mobile-header-display":"","site-post-title":"disabled","ast-breadcrumbs-content":"","ast-featured-img":"disabled","footer-sml-layout":"","theme-transparent-header-meta":"enabled","adv-header-id-meta":"","stick-header-meta":"","header-above-stick-meta":"","header-main-stick-meta":"","header-below-stick-meta":"","astra-migrate-meta-layouts":"","footnotes":""},"class_list":["post-830","page","type-page","status-publish","hentry"],"yoast_head":"<!-- This site is optimized with the Yoast SEO plugin v24.8.1 - https:\/\/yoast.com\/wordpress\/plugins\/seo\/ -->\n<title>Impressum - Felix St\u00f6ckl - Medienmanufaktur St\u00f6ckl<\/title>\n<meta name=\"robots\" content=\"index, follow, max-snippet:-1, max-image-preview:large, max-video-preview:-1\" \/>\n<link rel=\"canonical\" href=\"https:\/\/medienmanufaktur.felixstoeckl.de\/index.php\/impressum\/\" \/>\n<meta property=\"og:locale\" content=\"de_DE\" \/>\n<meta property=\"og:type\" content=\"article\" \/>\n<meta property=\"og:title\" content=\"Impressum - Felix St\u00f6ckl - Medienmanufaktur St\u00f6ckl\" \/>\n<meta property=\"og:description\" content=\"Impressum Angaben gem\u00e4\u00df \u00a7 5 TMGFelix St\u00f6cklMedienmanufaktur St\u00f6ckl (Einzelunternehmer)Guerickestra\u00dfe 7993053 Regensburg KontaktTelefon: +49 941 20900599E-Mail:\u00a0medienmanufaktur.stoeckl@gmail.com Wirtschafts-Identifikationsnumme: DE443252645 Aufgrund der Anwendung der Kleinunternehmerregelung gem. \u00a7 19 UStG erfolgt kein Ausweis der Umsatzsteuer. Verbraucherstreitbeilegung\/UniversalschlichtungsstelleWir sind nicht bereit oder verpflichtet, an Streitbeilegungsverfahren vor einer Verbraucherschlichtungsstelle teilzunehmen. Haftung f\u00fcr InhalteAls Diensteanbieter sind wir gem\u00e4\u00df \u00a7 7 Abs.1 TMG f\u00fcr &hellip; Impressum Weiterlesen &raquo;\" \/>\n<meta property=\"og:url\" content=\"https:\/\/medienmanufaktur.felixstoeckl.de\/index.php\/impressum\/\" \/>\n<meta property=\"og:site_name\" content=\"Felix St\u00f6ckl - Medienmanufaktur St\u00f6ckl\" \/>\n<meta property=\"article:modified_time\" content=\"2025-10-19T11:11:24+00:00\" \/>\n<meta name=\"twitter:card\" content=\"summary_large_image\" \/>\n<meta name=\"twitter:label1\" content=\"Gesch\u00e4tzte Lesezeit\" \/>\n\t<meta name=\"twitter:data1\" content=\"2\u00a0Minuten\" \/>\n<script type=\"application\/ld+json\" class=\"yoast-schema-graph\">{\"@context\":\"https:\/\/schema.org\",\"@graph\":[{\"@type\":\"WebPage\",\"@id\":\"https:\/\/medienmanufaktur.felixstoeckl.de\/index.php\/impressum\/\",\"url\":\"https:\/\/medienmanufaktur.felixstoeckl.de\/index.php\/impressum\/\",\"name\":\"Impressum - Felix St\u00f6ckl - Medienmanufaktur St\u00f6ckl\",\"isPartOf\":{\"@id\":\"https:\/\/medienmanufaktur.felixstoeckl.de\/#website\"},\"datePublished\":\"2022-02-15T09:09:58+00:00\",\"dateModified\":\"2025-10-19T11:11:24+00:00\",\"breadcrumb\":{\"@id\":\"https:\/\/medienmanufaktur.felixstoeckl.de\/index.php\/impressum\/#breadcrumb\"},\"inLanguage\":\"de\",\"potentialAction\":[{\"@type\":\"ReadAction\",\"target\":[\"https:\/\/medienmanufaktur.felixstoeckl.de\/index.php\/impressum\/\"]}]},{\"@type\":\"BreadcrumbList\",\"@id\":\"https:\/\/medienmanufaktur.felixstoeckl.de\/index.php\/impressum\/#breadcrumb\",\"itemListElement\":[{\"@type\":\"ListItem\",\"position\":1,\"name\":\"Startseite\",\"item\":\"https:\/\/medienmanufaktur.felixstoeckl.de\/\"},{\"@type\":\"ListItem\",\"position\":2,\"name\":\"Impressum\"}]},{\"@type\":\"WebSite\",\"@id\":\"https:\/\/medienmanufaktur.felixstoeckl.de\/#website\",\"url\":\"https:\/\/medienmanufaktur.felixstoeckl.de\/\",\"name\":\"Felix St\u00f6ckl - Medienmanufaktur St\u00f6ckl\",\"description\":\"Portfolio\",\"publisher\":{\"@id\":\"https:\/\/medienmanufaktur.felixstoeckl.de\/#organization\"},\"potentialAction\":[{\"@type\":\"SearchAction\",\"target\":{\"@type\":\"EntryPoint\",\"urlTemplate\":\"https:\/\/medienmanufaktur.felixstoeckl.de\/?s={search_term_string}\"},\"query-input\":{\"@type\":\"PropertyValueSpecification\",\"valueRequired\":true,\"valueName\":\"search_term_string\"}}],\"inLanguage\":\"de\"},{\"@type\":\"Organization\",\"@id\":\"https:\/\/medienmanufaktur.felixstoeckl.de\/#organization\",\"name\":\"Felix St\u00f6ckl - Medienmanufaktur St\u00f6ckl\",\"url\":\"https:\/\/medienmanufaktur.felixstoeckl.de\/\",\"logo\":{\"@type\":\"ImageObject\",\"inLanguage\":\"de\",\"@id\":\"https:\/\/medienmanufaktur.felixstoeckl.de\/#\/schema\/logo\/image\/\",\"url\":\"https:\/\/medienmanufaktur.felixstoeckl.de\/wp-content\/uploads\/2024\/10\/Website.png\",\"contentUrl\":\"https:\/\/medienmanufaktur.felixstoeckl.de\/wp-content\/uploads\/2024\/10\/Website.png\",\"width\":512,\"height\":512,\"caption\":\"Felix St\u00f6ckl - Medienmanufaktur St\u00f6ckl\"},\"image\":{\"@id\":\"https:\/\/medienmanufaktur.felixstoeckl.de\/#\/schema\/logo\/image\/\"},\"sameAs\":[\"https:\/\/www.instagram.com\/medienmanufakturstoeckl\/profilecard\/?igsh=cTlya2VrdW9vN20x\"]}]}<\/script>\n<!-- \/ Yoast SEO plugin. -->","yoast_head_json":{"title":"Impressum - Felix St\u00f6ckl - Medienmanufaktur St\u00f6ckl","robots":{"index":"index","follow":"follow","max-snippet":"max-snippet:-1","max-image-preview":"max-image-preview:large","max-video-preview":"max-video-preview:-1"},"canonical":"https:\/\/medienmanufaktur.felixstoeckl.de\/index.php\/impressum\/","og_locale":"de_DE","og_type":"article","og_title":"Impressum - Felix St\u00f6ckl - Medienmanufaktur St\u00f6ckl","og_description":"Impressum Angaben gem\u00e4\u00df \u00a7 5 TMGFelix St\u00f6cklMedienmanufaktur St\u00f6ckl (Einzelunternehmer)Guerickestra\u00dfe 7993053 Regensburg KontaktTelefon: +49 941 20900599E-Mail:\u00a0medienmanufaktur.stoeckl@gmail.com Wirtschafts-Identifikationsnumme: DE443252645 Aufgrund der Anwendung der Kleinunternehmerregelung gem. \u00a7 19 UStG erfolgt kein Ausweis der Umsatzsteuer. Verbraucherstreitbeilegung\/UniversalschlichtungsstelleWir sind nicht bereit oder verpflichtet, an Streitbeilegungsverfahren vor einer Verbraucherschlichtungsstelle teilzunehmen. Haftung f\u00fcr InhalteAls Diensteanbieter sind wir gem\u00e4\u00df \u00a7 7 Abs.1 TMG f\u00fcr &hellip; Impressum Weiterlesen &raquo;","og_url":"https:\/\/medienmanufaktur.felixstoeckl.de\/index.php\/impressum\/","og_site_name":"Felix St\u00f6ckl - Medienmanufaktur St\u00f6ckl","article_modified_time":"2025-10-19T11:11:24+00:00","twitter_card":"summary_large_image","twitter_misc":{"Gesch\u00e4tzte Lesezeit":"2\u00a0Minuten"},"schema":{"@context":"https:\/\/schema.org","@graph":[{"@type":"WebPage","@id":"https:\/\/medienmanufaktur.felixstoeckl.de\/index.php\/impressum\/","url":"https:\/\/medienmanufaktur.felixstoeckl.de\/index.php\/impressum\/","name":"Impressum - Felix St\u00f6ckl - Medienmanufaktur St\u00f6ckl","isPartOf":{"@id":"https:\/\/medienmanufaktur.felixstoeckl.de\/#website"},"datePublished":"2022-02-15T09:09:58+00:00","dateModified":"2025-10-19T11:11:24+00:00","breadcrumb":{"@id":"https:\/\/medienmanufaktur.felixstoeckl.de\/index.php\/impressum\/#breadcrumb"},"inLanguage":"de","potentialAction":[{"@type":"ReadAction","target":["https:\/\/medienmanufaktur.felixstoeckl.de\/index.php\/impressum\/"]}]},{"@type":"BreadcrumbList","@id":"https:\/\/medienmanufaktur.felixstoeckl.de\/index.php\/impressum\/#breadcrumb","itemListElement":[{"@type":"ListItem","position":1,"name":"Startseite","item":"https:\/\/medienmanufaktur.felixstoeckl.de\/"},{"@type":"ListItem","position":2,"name":"Impressum"}]},{"@type":"WebSite","@id":"https:\/\/medienmanufaktur.felixstoeckl.de\/#website","url":"https:\/\/medienmanufaktur.felixstoeckl.de\/","name":"Felix St\u00f6ckl - Medienmanufaktur St\u00f6ckl","description":"Portfolio","publisher":{"@id":"https:\/\/medienmanufaktur.felixstoeckl.de\/#organization"},"potentialAction":[{"@type":"SearchAction","target":{"@type":"EntryPoint","urlTemplate":"https:\/\/medienmanufaktur.felixstoeckl.de\/?s={search_term_string}"},"query-input":{"@type":"PropertyValueSpecification","valueRequired":true,"valueName":"search_term_string"}}],"inLanguage":"de"},{"@type":"Organization","@id":"https:\/\/medienmanufaktur.felixstoeckl.de\/#organization","name":"Felix St\u00f6ckl - Medienmanufaktur St\u00f6ckl","url":"https:\/\/medienmanufaktur.felixstoeckl.de\/","logo":{"@type":"ImageObject","inLanguage":"de","@id":"https:\/\/medienmanufaktur.felixstoeckl.de\/#\/schema\/logo\/image\/","url":"https:\/\/medienmanufaktur.felixstoeckl.de\/wp-content\/uploads\/2024\/10\/Website.png","contentUrl":"https:\/\/medienmanufaktur.felixstoeckl.de\/wp-content\/uploads\/2024\/10\/Website.png","width":512,"height":512,"caption":"Felix St\u00f6ckl - Medienmanufaktur St\u00f6ckl"},"image":{"@id":"https:\/\/medienmanufaktur.felixstoeckl.de\/#\/schema\/logo\/image\/"},"sameAs":["https:\/\/www.instagram.com\/medienmanufakturstoeckl\/profilecard\/?igsh=cTlya2VrdW9vN20x"]}]}},"_links":{"self":[{"href":"https:\/\/medienmanufaktur.felixstoeckl.de\/index.php\/wp-json\/wp\/v2\/pages\/830","targetHints":{"allow":["GET"]}}],"collection":[{"href":"https:\/\/medienmanufaktur.felixstoeckl.de\/index.php\/wp-json\/wp\/v2\/pages"}],"about":[{"href":"https:\/\/medienmanufaktur.felixstoeckl.de\/index.php\/wp-json\/wp\/v2\/types\/page"}],"author":[{"embeddable":true,"href":"https:\/\/medienmanufaktur.felixstoeckl.de\/index.php\/wp-json\/wp\/v2\/users\/2"}],"replies":[{"embeddable":true,"href":"https:\/\/medienmanufaktur.felixstoeckl.de\/index.php\/wp-json\/wp\/v2\/comments?post=830"}],"version-history":[{"count":22,"href":"https:\/\/medienmanufaktur.felixstoeckl.de\/index.php\/wp-json\/wp\/v2\/pages\/830\/revisions"}],"predecessor-version":[{"id":1064,"href":"https:\/\/medienmanufaktur.felixstoeckl.de\/index.php\/wp-json\/wp\/v2\/pages\/830\/revisions\/1064"}],"wp:attachment":[{"href":"https:\/\/medienmanufaktur.felixstoeckl.de\/index.php\/wp-json\/wp\/v2\/media?parent=830"}],"curies":[{"name":"wp","href":"https:\/\/api.w.org\/{rel}","templated":true}]}}